269013 a composite number?
True
Is 9400907273 a prime number?
True
Is 1834129229 composite?
True
Is 8184118183 prime?
True
Is 183833791 prime?
False
Is 190483091 prime?
False
Is 134834715697 prime?
False
Is 96422380739 composite?
False
Is 850420973 a composite number?
False
Is 1050504437 composite?
True
Is 11400464467 prime?
False
Is 98692792967 a composite number?
True
Is 580794553 prime?
True
Is 1659052067 a prime number?
False
Is 309699001 composite?
False
Is 141409057 prime?
False
Is 15023863363 a composite number?
False
Is 22692485759 prime?
True
Is 5632132447 a composite number?
False
Is 199329161 a prime number?
True
Is 5443150931 prime?
True
Is 3714216533 prime?
False
Is 421872149 a prime number?
False
Is 3545790029 a prime number?
False
Is 83399322991 a composite number?
True
Is 60103743971 a prime number?
True
Is 5921633303 composite?
True
Is 11824970953 a composite number?
False
Is 25510330709 prime?
True
Is 2729543269 prime?
False
Is 950458499 a composite number?
True
Is 7360100239 prime?
True
Is 420119043 a prime number?
False
Is 3087655997 prime?
True
Is 1716244633 composite?
True
Is 851599187 a composite number?
True
Is 4413615449 composite?
False
Is 202717355 a composite number?
True
Is 14514676063 a prime number?
False
Is 287722469 composite?
False
Is 2929033981 prime?
True
Is 281843551 a prime number?
False
Is 3012919003 prime?
True
Is 21162432451 prime?
False
Is 1041254033 a prime number?
True
Is 10061503451 a prime number?
True
Is 1367599031 composite?
False
Is 1652947031 composite?
True
Is 523133257 prime?
False
Is 1828343477 prime?
False
Is 61624724933 a prime number?
False
Is 183593723 a composite number?
True
Is 46425403709 composite?
True
Is 2941172627 a prime number?
False
Is 350099359 a prime number?
True
Is 1198689445 composite?
True
Is 58937917307 prime?
True
Is 41085948589 prime?
False
Is 36192839 a prime number?
True
Is 1657426343 composite?
True
Is 715061933 composite?
True
Is 75854922083 prime?
True
Is 2847963121 prime?
True
Is 193356259 composite?
False
Is 332412097 a prime number?
False
Is 4488986717 prime?
False
Is 755244221 prime?
True
Is 8233528073 composite?
False
Is 5288553463 composite?
True
Is 20564260537 composite?
False
Is 9067770717 a prime number?
False
Is 28287013 a composite number?
False
Is 37842019 a prime number?
True
Is 8088223883 prime?
True
Is 26470399478 a prime number?
False
Is 1189571203 composite?
False
Is 154562489 a prime number?
False
Is 4617113119 a composite number?
True
Is 16993202453 a prime number?
False
Is 125513477 a prime number?
True
Is 32788973233 prime?
False
Is 96592241 a composite number?
False
Is 428786321 a prime number?
False
Is 3959694937 composite?
True
Is 387955837 composite?
True
Is 808927759 a composite number?
True
Is 733267243 composite?
True
Is 4221009743 a prime number?
True
Is 591648887 composite?
False
Is 1700474117 a prime number?
False
Is 237998477 a prime number?
True
Is 1628373403 a prime number?
False
Is 10708982749 a composite number?
True
Is 56343526735 composite?
True
Is 164939941 composite?
False
Is 172174157087 composite?
False
Is 25629452801 a prime number?
False
Is 1750544249 a composite number?
False
Is 2972898249 prime?
False
Is 78661523 a composite number?
False
Is 5249763811 a prime number?
False
Is 32932184906 prime?
False
Is 6333961 composite?
False
Is 1002862843 a prime number?
True
Is 6578422009 a composite number?
True
Is 3954836651 a composite number?
False
Is 7080919771 prime?
False
Is 363788833 prime?
False
Is 113055733205 composite?
True
Is 1564953317 a composite number?
False
Is 2901146623 composite?
True
Is 10947608003 a composite number?
False
Is 1183694719 a prime number?
True
Is 2906455147 a prime number?
False
Is 68446160737 a prime number?
False
Is 155205431 composite?
False
Is 5037941503 prime?
False
Is 378469599449 a composite number?
False
Is 682783901 prime?
False
Is 14692387799 prime?
True
Is 5934911971 a composite number?
False
Is 5687256023 prime?
False
Is 249025781 prime?
False
Is 3073228833 composite?
True
Is 34280382779 a prime number?
True
Is 402126259 a composite number?
False
Is 37333906503 a prime number?
False
Is 122610319981 a composite number?
True
Is 5300791829 prime?
False
Is 401842832591 a composite number?
False
Is 4006805167 a prime number?
False
Is 308940379 prime?
False
Is 372820341 prime?
False
Is 758162269 a composite number?
True
Is 215736613 a prime number?
False
Is 98752757 composite?
False
Is 17149418807 a prime number?
True
Is 4372473589 a prime number?
False
Is 6884774021 a composite number?
True
Is 171518159 a prime number?
True
Is 322457519 a prime number?
True
Is 27783962927 a composite number?
True
Is 125202316223 a composite number?
False
Is 39562559227 prime?
True
Is 1651950611 a prime number?
False
Is 339515507 a prime number?
True
Is 532150603 a prime number?
False
Is 232968457 prime?
False
Is 142409181 a prime number?
False
Is 45559779239 a composite number?
True
Is 72031718867 composite?
False
Is 27401135737 a prime number?
True
Is 25603525447 prime?
False
Is 15817100979 a composite number?
True
Is 1497075089 prime?
True
Is 3330528671 prime?
True
Is 841475267 a prime number?
False
Is 2434508651 composite?
False
Is 27566309399 composite?
False
Is 4200957547 prime?
True
Is 3771405203 a composite number?
False
Is 48190559843 prime?
True
Is 1491794735 a prime number?
False
Is 15637119941 a prime number?
False
Is 121024064207 composite?
False
Is 728010001 a prime number?
True
Is 20536482569 a composite number?
False
Is 27241786829 prime?
False
Is 3538383971 composite?
False
Is 10058006755 prime?
False
Is 26588011805 prime?
False
Is 113129488403 prime?
False
Is 2534309171 a composite number?
True
Is 19829141341 composite?
False
Is 493970621 prime?
True
Is 2317383023 a prime number?
True
Is 1768848841 composite?
False
Is 744265601 composite?
False
Is 2346678329 a composite number?
False
Is 6621593431 a prime number?
False
Is 13150771 a composite number?
True
Is 6952529435 prime?
False
Is 452209663 composite?
False
Is 302124841 a prime number?
True
Is 3355001337 a composite number?
True
Is 3631601971 a composite number?
False
Is 2643553357 prime?
True
Is 83432893 a composite number?
False
Is 217455390422 composite?
True
Is 17899706273 prime?
True
Is 8816657933 a prime number?
False
Is 1771403731 a prime number?
True
Is 6937766731 a prime number?
False
Is 53967414143 prime?
False
Is 8077936558 a composite number?
True
Is 954220903 prime?
True
Is 4375638329 prime?
False
Is 698161679 composite?
False
Is 93544204499 composite?
True
Is 15728219101 a prime number?
False
Is 10566295631 composite?
False
Is 2469950867 prime?
False
Is 5669848963 composite?
False
Is 40367342891 composite?
False
Is 447388033 a composite number?
False
Is 4088526463 prime?
False
Is 1178234849 a composite number?
True
Is 713882339 composite?
False
Is 22954493 prime?
False
Is 14502304403 a composite number?
False
Is 3868538033 composite?
False
Is 6690896141 a prime number?
True
Is 627990361 a composite number?
True
Is 9966948301 a prime number?
False
Is 9121669237 a prime number?
False
Is 238594123 a composite number?
True
Is 27842770999 a prime number?
False
Is 45018715559 a composite number?
False
Is 1997631809 a prime number?
False
Is 1054324661 a prime number?
False
Is 129448747991 prime?
True
Is 431516213 composite?
True
Is 1916378731 composite?
False
Is 1706880391 a prime number?
True
Is 53421234593 a prime number?
True
Is 207885697 a composite number?
False
Is 4138719623 composite?
False
Is 4679876597 a prime number?
False
Is 484777309 composite?
True
Is 323842759 a composite number?
True
Is 10664521879 composite?
True
Is 5420341139 prime?
True
Is 277126039 a prime number?
False
Is 1792090133 composite?
True
Is 14815513331 prime?
False
Is 2040199 composite?
True
Is 272170697 prime?
False
Is 636569539 a composite number?
True
Is 520687261 prime?
True
Is 6835393423 prime?
True
Is 3183070377 a prime number?
False
Is 143071689 prime?
False
Is 391734387461 prime?
True
Is 396265433 prime?
True
Is 1411600847 a composite number?
False
Is 54235266583 composite?
True
Is 4236378463 a prime number?
True
Is 5017886357 a composite number?
True
Is 2029278001 a prime number?
True
Is 385956331 composite?
True
Is 87202794247 a pri